the remainder when z(c) is divided by r.
7
What is the remainder when (3/9)/((-6)/84)*-9 is divided by 12?
6
Suppose 5*f + c = 79, -4*f + 66 = 2*c + 4. What is the remainder when f is divided by 4/(-18) + 141/27?
1
Let w(j) = 4*j + 34 - 2*j - j**3 - 40 + 13*j**2. Calculate the remainder when w(13) is divided by 8.
4
Suppose -8*l = 3*d - 4*l - 45, 67 = 5*d + 4*l. Calculate the remainder when 1022 is divided by d.
10
Suppose 3*x = 7 + 14. Let m(k) = 6*k + 55. What is the remainder when m(-6) is divided by x?
5
Suppose -60 = z - 3*z. Let k(v) = -3*v - 12. Let x be k(-5). Let h(g) = g + 8. Calculate the remainder when z is divided by h(x).
8
Let z(o) = 53*o**2 + 2*o + 2. Calculate the remainder when 104 is divided by z(-1).
51
Suppose -3*v + 9 = -0*v, 3*x = -3*v + 195. Suppose -u + 13 = -x. Suppose -5*t = j - 92, -t + 6 = 5*j + 2. What is the remainder when u is divided by t?
18
Suppose 38*y - 1110 = 182. Calculate the remainder when 46 is divided by y.
12
Suppose 93 = 2*s + 19. Let y = 33 - s. Calculate the remainder when 145 is divided by ((-8)/(-12))/(y/(-222)).
34
Let k = 22 - 17. What is the remainder when 120/k + 3 + -1 is divided by 9?
8
Suppose 4*o - 3 = -4*x + 1, 2*x = 2*o - 2. What is the remainder when o + 6/(-10) - (-208)/5 is divided by 12?
6
Let f = -2 - -4. Let x(a) = -a**2 + 2*a + 1. Let g(r) = -r**3 - 4*r**2 + 5*r + 2. Let q(o) = -g(o) + 2*x(o). Calculate the remainder when 41 is divided by q(f).
13
Let p = -14 - -26. Suppose -246 = -3*b + 3*q, -2*b + 89 + 105 = 4*q. Suppose -3*n + 3*i = -b, 87 - 26 = 2*n - i. What is the remainder when n is divided by p?
8
Let n(o) = 113*o - 496. Calculate the remainder when 143 is divided by n(5).
5
Let r = 759 - 751. Let v = -12 + 18. Calculate the remainder when (-114)/(-9) + (-4)/v is divided by r.
4
Let y(m) = m. Let n(u) = 3*u + 5. Let v(l) = n(l) - 4*y(l). Let w be v(3). Suppose -w*x + 2 = -6. Calculate the remainder when 6 is divided by x.
2
Let m(h) = h**3 - 11*h**2 - 10*h + 3. Let f be m(12). Let l(o) = -4*o + 1. What is the remainder when 1196/36 + (-6)/f is divided by l(-4)?
16
Let j(p) = p + 5. Let s be (-2)/((4 - 6 - -1)/2). What is the remainder when 14 is divided by j(s)?
5
Let j(l) be the first derivative of l**4/2 + l**3 - 2*l**2 + 3*l + 8. Let u be j(2). Suppose h - 15 = u. Calculate the remainder when h is divided by 10.
8
What is the remainder when 45 - (-6)/(3/3) is divided by 27?
24
Calculate the remainder when 174 is divided by 5 + (4/3)/((-88)/(-1980)).
34
Suppose -4*m + 25 - 5 = 4*s, -3*m - 5*s = -19. Suppose 4*k - m*k = -4*j + 58, 2*j - k = 32. What is the remainder when 59 is divided by j?
14
What is the remainder when -10 + 11 - -55 - (0 - -1) is divided by 1*3/(-3)*-23?
9
Suppose 5*u + 14*a - 138 = 18*a, -3*a = -9. What is the remainder when 237 is divided by u?
27
Let c = -24 + 29. Calculate the remainder when 0 + (24 - (-1 + -1)) is divided by (c - (-200)/(-32))/((-1)/8).
6
Let h(d) = -d**2 - 17*d + 1. Let p = 31 - -2. What is the remainder when p is divided by h(-16)?
16
Suppose s - 53 = -l, -257 = -17*s + 12*s + 3*l. Calculate the remainder when 935 is divided by s.
51
What is the remainder when (56 + 0)*7 - (-246)/(-41) is divided by 79?
70
Let l = -211 + 241. What is the remainder when 208 is divided by l?
28
Suppose -5*k + 179 + 396 = 0. Let n = -35 + k. Suppose 5*h = 2*v - 79, 3*v + 0*h = 3*h + 96. What is the remainder when n is divided by v?
26
Suppose 0 = 32*s + 15*s - 2726. What is the remainder when 228 is divided by s?
54
Let z be (-8)/((-24)/(-153)) + 0. Let j = z + 102. What is the remainder when j is divided by 18?
15
Let q = 183 + -163. What is the remainder when q is divided by (-32)/14*(-7)/2?
4
Let y = 153 - 146. Calculate the remainder when 86 is divided by y.
2
Suppose -21 = -7*m + 7. Let g = 10 + -3. What is the remainder when g is divided by m?
3
Let r = -449 + 735. Suppose 4*h - r = -3*j, 3*j - 4*h - 75 - 251 = 0. Calculate the remainder when j is divided by 35.
32
Suppose 0*a = 3*p - a - 40, 2*p - 4*a = 40. Let x = 20 + -15. Suppose 10*d - x*d = 40. Calculate the remainder when p is divided by d.
4
Suppose -r = -3*p + 65, 4*p + r = -14 + 89. Let w(h) = h + 13. Let f be ((-6)/(-4))/((-2)/8). Calculate the remainder when p is divided by w(f).
6
Let l = 176 - 86. What is the remainder when l is divided by 23?
21
Let c(x) = -x**3 - 12*x**2 - 20*x - 42. Calculate the remainder when c(-13) is divided by 6.
3
Let t(r) = -r + 2. Calculate the remainder when t(-9) is divided by 8 - 0 - (-1 - -3).
5
Let j(v) = 9*v - 147. Calculate the remainder when j(21) is divided by 15.
12
Let r = -965 + 970. Let s(n) = -6*n - 4. Let l be -2 + -2*2/4. Calculate the remainder when s(l) is divided by r.
4
Let l(p) = p**3 + 20*p**2 + 22*p + 75. Calculate the remainder when 179 is divided by l(-19).
17
Let s(t) = -3*t**3 - 4*t**2 - 3*t - 6. Let c = -36 + 19. Let m = c - -42. Calculate the remainder when s(-3) is divided by m.
23
Let i(o) = 5*o - 10. Let l be i(6). Suppose l = -3*n + 7*n. Suppose 4*d - 70 + 2 = -4*b, -n*d = b - 73. Calculate the remainder when 39 is divided by d.
11
Suppose -12*d - 55 = -415. Calculate the remainder when 119 is divided by d.
29
Let h be 4/6*3 + 6. Let c(j) = -8*j**2 + 16. Let g(y) = -15*y**2 + y + 32. Let m(p) = 11*c(p) - 6*g(p). What is the remainder when m(h) is divided by 22?
20
Let w(r) = -r - 5. Let z be w(-5). Let m(x) = x - 28. Let f(q) = q - 55. Let y(i) = -3*f(i) + 5*m(i). Calculate the remainder when y(z) is divided by 13.
12
Suppose 595 = 36*u - 19*u. What is the remainder when 84 is divided by u?
14
Let n(k) = 3*k**2 + 11*k - 32. Suppose -3*p = 2*p - 555. Calculate the remainder when p is divided by n(3).
27
Let l(n) = -n - 1. Let x(c) = c - 1. Let b(o) = -l(o) - 2*x(o). Let t be b(-7). Suppose -t = 5*j - 50. What is the remainder when 21 is divided by j?
5
Let f(q) = -q**3 + 2*q**2 - q. Let r be f(1). Suppose 3*t = -t + 3*s + 122, r = 3*t - 4*s - 95. What is the remainder when t is divided by 8?
5
Let b(t) = -6*t**2 + 5*t - 4. Let q be b(1). Suppose 4*s + 4*v - 228 = 0, -112 = -3*s + 4*v + 31. Calculate the remainder when s is divided by ((-28)/q)/(2/5).
11
Let u(c) = -8*c - 137. Calculate the remainder when 71 is divided by u(-19).
11
Let z = 905 - 884. What is the remainder when 58 is divided by z?
16
Let r(w) = -w**2 - 226*w - 3055. What is the remainder when r(-15) is divided by -1*(0 + 37)*-1?
36
Let m(o) = 12*o**3 - o**2 + o. Let l be m(1). Suppose -l - 7 = -x. Calculate the remainder when x is divided by 11.
8
Let d(y) = y**2 - 2*y + 1. Let c be d(1). Let g = c - -24. Calculate the remainder when g is divided by 9.
6
Suppose 0 = 4*d + i + 4*i + 1, 2*i = d + 10. Calculate the remainder when (-1464)/(-27) + (-2)/9 is divided by 38/(-6)*(d + (0 - -1)).
16
What is the remainder when ((-2)/(-3))/1 - 1420/(-12) is divided by 24?
23
What is the remainder when 111*(-1 - (-15)/9) is divided by -1 - 13/(-2*(-2)/(-12))?
36
Suppose -2*h + 54 = 6. Let x = -12 + h. Let z(v) = -5*v + 103. What is the remainder when z(14) is divided by x?
9
Suppose 0*d - 45 = -3*d. Let i = 547 + -492. Calculate the remainder when i is divided by d.
10
Let n be ((-2)/(-2))/((-2)/(-6)). Suppose r = -n*k, -3*k + 5*k + 4 = -2*r. Calculate the remainder when k is divided by 1*(6/(-3) + 1)/(-1).
0
Suppose -440 = 2*q - 6*q. Suppose -3*x = q - 395. Suppose u - 24 = -2*l + 15, -2*u + x = 5*l. What is the remainder when l is divided by 6?
5
Let r = 780 + -722. What is the remainder when r is divided by 13?
6
Let l = -31 - -79. What is the remainder when l is divided by ((-50)/4)/((-3)/6)?
23
Let p(r) = -35*r + 1. Let l = 73 + -54. What is the remainder when p(-2) is divided by l?
14
Suppose 10*y - 113 = -x + 13*y, y = 3*x - 307. What is the remainder when x is divided by (-70)/(2/(-1)) + -1?
33
Let x be (-1)/(4 + -3)*-5. Suppose -3*b = -4*b - x*d - 21, 5*b - 2*d - 30 = 0. Suppose 5*i = b*i + 82. Calculate the remainder when i is divided by 21.
19
Suppose -4*z = 8, 4*z - 501 = -4*o - 61. Let p = -6758 - -6788. What is the remainder when o is divided by p?
22
Suppose -95*b = -73*b - 352. What is the remainder when 1166 is divided by b?
14
Let y = 1145 - 1133. Let l be 76 - (2 + 0/1). Suppose -3*i + l = 8. What is the remainder when i is divided by y?
10
L